14?
62
What is -8 + 7 - (103 + -115)?
11
30 + 15 + 6 + (20 - 35)
36
Evaluate (20 + -15 - 6) + 5 + 50.
54
What is the value of (1 - 7) + -4 + 4 + 59 + -20 + 21?
54
What is -74 - (7 + 13 - 44 - 0)?
-50
What is the value of -92 + (68 + -29 - -29)?
-24
What is -52 + -72 + (39 - -27)?
-58
(6 - -17) + -47 - -42
18
What is 1 + -24 - (-28 + (162 - 64))?
-93
What is (1 - -23) + 2 + (13 - (-5 - -15)) + 9?
38
542 - 547 - (1 - -25)
-31
What is (-1 - -31 - (-9 - -19)) + -21 - -2?
1
What is 1 + 25 + (-2251 - -2273)?
48
What is -732 + 727 - (2 - ((-17 - 3) + 0))?
-27
What is -29 - (-122 + -35 + 80)?
48
Evaluate -20 + 6 + 28 + -17 - (6 + -4 + 33).
-38
-3 + 46 + (922 - 956)
9
Evaluate 27 + (-11 - -26) + -37.
5
What is -856 - -854 - (-7 - (6 - (4 + 5)))?
2
Calculate 75 - 148 - 5 - -6.
-72
Evaluate 111 - (0 + -23 - -50 - 20 - 17).
121
3 - 1 - (55 - 46) - -24 - 4
13
-92 - (-9 - (24 + -16 + 12))
-63
(-20 - (-7 - -41)) + 26
-28
Evaluate (146 - 104) + (-50 - (0 + -1)).
-7
What is -20 + 23 + 3 + -56 + -7?
-57
What is -110 + -6 - (244 - 455)?
95
Evaluate 12 + 32 + 15 + -32 - 7.
20
-2 + 8 + 74 + (-48 - -18) + 18
68
Calculate (1 + 29 - 41) + -39.
-50
What is the value of (-94 - 44 - -146) + (2 - 0 - 101)?
-91
What is the value of (346 - 269) + (-4 - -25) + 2 - (0 - -9)?
91
What is the value of (26 - -1) + -3 + 4 - (-528 + 536)?
20
Calculate ((-11 - 2) + -24 - -3) + (-7 + 4 - -12).
-25
-1098 - -1143 - ((0 + 4 - 0) + -3)
44
What is the value of 66 + 41 + -241 - -92?
-42
What is the value of (-19 - -1) + 10 + 8 + -83?
-83
-58 + (-14 - -55) + -13
-30
Calculate 54 - 37 - (77 - -5) - (2 - 11).
-56
Calculate -6 + (2 + 15 - (47 - (100 + -195))).
-131
-19 + 16 + 14 + -15 + 2 + 2 + 0
0
Evaluate (21 - 37 - -5) + 14 + -15.
-12
(29 - 60) + 76 - (6 + 11)
28
What is the value of 24 + (-17 + -8 - -60 - 15)?
44
Calculate 8298 - 8301 - (0 - 37).
34
86 - (-36 - -185) - -92
29
Calculate 141 + (-159 - (-69 - 65)).
116
Evaluate (-4 + -2 - 0) + (6 - 140 - -9 - -63).
-68
-26 - ((-19 - (18 - -1)) + 21)
-9
What is (19 - 25) + (7 - 3) - (13 + 4 + -2)?
-17
-412 + 477 + (5 + 2 - 3)
69
What is -16 + (-3 - -14) + -8 - ((-8 - -4) + 11)?
-20
Evaluate -23 + 28 + (-2 - 2) + (8 - 4) - -33.
38
Calculate (1 - (-1 + 10 + (418 - 378))) + -16.
-64
-1112 + 1095 + 2 + 78 - 4
59
Calculate 31 + 3 + -2 - (732 + -731).
31
(-17 - -63 - 96) + -13
-63
Evaluate (-42 - -29) + (5 + -1 + 4 - 23).
-28
Evaluate 1 - -1 - (68 - 47) - (175 + -193).
-1
63 - (-2 - -8 - 2 - 7 - (-25 - -21))
62
What is -435 + 469 - (-2 + 89 + 8)?
-61
Evaluate (1 + 14 - (37 + (-3 - 15))) + 25.
21
Evaluate -424 + 465 + (-13 - -21).
49
Evaluate (11 + (-8 - -4) + 1 - 48) + -9.
-49
Calculate -31 + (-25 - -54) + (4 - 2) + -6 + -48.
-54
What is the value of -9 + (10 - (15 + -10) - 14) - (1 + -2)?
-17
Evaluate 75 - ((10 - -4) + 99).
-38
Calculate 46 + -1 + 1 - (-135039 + 135007).
78
What is (8 + -14 - 6 - (40 + -39)) + -5?
-18
What is (-3 - (14 + 3)) + (4141 - 4124)?
-3
Calculate -5 + (10 - 8) + -349 + 335.
-17
What is (-94 - -87) + (-48 - 16) + 1 + (4 - 0)?
-66
What is -9 + -58 - (1585 - 1565)?
-87
(7 - 2) + -30 + (43 - 24)
-6
-5 - -1 - 11 - (-766 - -716)
35
What is the value of -49 + (-199 - -154) - -81?
-13
1746 + -1731 - (-5 + -1 + (-31 - -105))
-53
-49 + 47 - 54 - (3 - -18)
-77
What is 33 + -4 - (-1151 - -1151)?
29
What is the value of -47 + 68 - (10 - -26)?
-15
Calculate -3 - (-18 + 1 + (-13 - -24)) - (0 - -10).
-7
What is (3 - (-14 - -46)) + 46?
17
Evaluate 33 + -81 + 43 + 31.
26
Evaluate -63 + (-10 - (-23 + 15)) + 1 + (-4 - -5).
-63
What is (-53 - 30) + 65 - (0 + 5 + 2)?
-25
What is (2 + 19 - (13 - 29)) + 19?
56
What is the value of 14 + (-4 - -9) + -5 + -1 + 33?
46
What is the value of -35 - (0 + 3 + 27 + -11 + -14)?
-40
What is the value of 298 - (37 - (-251 + 134))?
144
What is 5 - 0 - 1 - (2120 - 2154)?
38
13 + (3 + -6 + 3 + -2 - (-185 - -200))
-4
What is -37 + (32 - -50 - 32)?
13
What is the value of -113 + -54 - (-49 + (9 - 8))?
-119
Evaluate -52 - -3 - (12 + -35) - (19 - 35).
-10
-1 + 37 + (2309 - 2362)
-17
What is the value of (13 - -18 - 19) + 26 + -17 + (2 - 88)?
-65
Calculate -47 + -24 + (71 - -29).
29
What is the value of 1042 - 1090 - (0 - 76)?
28
What is the value of -74 - 106 - -97 - -30?
-53
Evaluate 18 + 12 + (17 - (1 + 14)).
32
Evaluate (-2 - (23 - 31)) + 55 - 17.
44
Evaluate -57 + (6 - 4) + 4 - -19.
-32
Calculate -18 + -43 + 1 + 23.
-37
Calculate (45 + -66 - 31) + 16.
-36
-10 + (-4 + 1 - -10) + 51 + -16
32
What is (-13 - (-24 - -10) - 9) + -2 - 10?
-20
(-48 - -20) + -58 + 58
-28
(1 - (2 - 12)) + -21 + 47 + 19 + -41
15
What is (136 - (-274 - -443)) + -1 + -26?
-60
Evaluate -61 + -51 - (22 + -26 + -9).
-99
Evaluate -29 + (24 - -9 - 19) - (-7 + -27).
19
What is the value of 327 + -229 - (1 - -37 - 10)?
70
Evaluate 11 + 12 + (13 + (-13 - 8) - -5).
20
Calculate -40 - (-392 - -214 - (6 - 24)).
120
-54 - (-132 - -92 - -71)
-85
Calculate 25 + (-87 - 29) + 40.
-51
(-862 - -816) + (0 - -49)
3
What is 128 - (-31 - (-79 + -16))?
64
Calculate (3 - -2) + (20 - 29) + 4 + -10.
-10
What is (-2 - -81) + (-24 - -65) + -26 + -14?
80
Evaluate 196 + -135 - (36 - -16).
9
What is the value of -1 + (38 - (0 - -28 - -142))?
-133
What is (-2 + -9 - (-129 + 137)) + -10?
-29
What is 14 + (-9 - 3 - (14 + -28))?
16
Calculate -20 + (5 - (-10 + (-6 - -3))).
-2
-71 - (-51 - (74 - 178))
-124
Calculate -40 + -11 - -16 - -45.
10
Calculate 61 + 41 + -4 + -20.
78
Evaluate (-6 - (-20 - 1)) + -4 - -30.
41
What is -14 + 89 + -69 - (93 + -2 - -2)?
-87
Calculate -47 - -34 - -5 - 13 - -4.
-17
Evaluate -4 + (107 - (-3 - 9 - ((-21 - -27) + -2))).
119
Calculate -28 - (-58 + 6) - (11 - 14).
27
What is -8 - 2 - (-9 - (-9 + (37 - 15)))?
12
(-91 - 67 - -95) + -34
-97
What is 21 + -2 + -4 + (97 - 90)?
22
Evaluate -51 + (3 - -40) - 33.
-41
What is -1 + 2 - (-19 + (-11 - -35) + 27 + 1)?
-32
What is 13 + -15 + 4 + 6 - (3 + -63) - -7?
75
-10 + (-35 - (-3 + -40)) - -135
133
Calculate -62 + (-13 - (5 - 37)).
-43
What is (-49 - (25 + -43)) + -11 + 26?
-16
What is the value of -36 + 22 + 27 + -1?
12
Calculate (-5 + -59 - ((-3 - -4) + 3)) + 92 + -90.
-66
What is the value of 21 + 14 + 1 - 60?
-24
Evaluate 25 + -14 - (-32 - (4 - 29)).
18
What is the value of 25 + (1 - -7) - (27 + -47)?
53
What is 35 + (-28 - (-12 - -15)) - (2 + -3 + -18)?
23
What is (-17 - -24 - 16) + 17 - (-1 + 7) - -47?
49
Evaluate 22 + (4 - 27 - 22) - 27.
-50
141 - (82 + 51) - (-1 + 2 + -3 + 5)
5
What is the value of 8882 - 8806 - (0 - (2 - (1 + 7)))?
70
-8 - -107 - -4 - (163 + -140)
80
Calculate (-16 + 22 - (-10 + (4 - -1))) + 52 - -6.
69
Evaluate (207 - 226 - (-8 - 5)) + (85 - -2).
81
What is -17 + -2 + -8 - -38 - (105 + 0 + -3)?
-91
Calculate 45 - (-28 + (5 + 4 + 12 - 9)).
61
Evaluate 5 + -1 + 777 + -765 - -21.
37
What is 13 - (82 + -85 + (-23 - -5 - -6))?
28
What is 15 + (24 - -2 - (-32 - (56 - 95)))?
34
Evaluate 6 + 2 - ((5 + -20 - -27) + -5).
1
What is the value of (3 + -1 - -4) + (-78 - (-44 + -21))?
-7
Calculate 10 - (2 - (6 - -2) - -12) - (-25 - -42).
-13
(20 - 16) + 3 - -8
15
What is the value of -105 - -94 - (-24 - (15 + -15))?
13
Evaluate (-7 - (4 + -7) - 22) + 18.
-8
What is the value of 5 - (-3 - (0 - (-2 + 5)) - -21)?
-16
-5 + (-136 - -3) + (26 - 51) + 5 + 36
-122
25 + -41 + -17 + (-1 - -1) + -6
-39
What is the value of (-6 - -3) + 40 + -86 + 43 + 69?
63
Calculate -20 + -67 - (1 - 45).
-43
Calculate -7 + (102 - (52 + 3)).
40
What is the value of 529 + -542 - (4 + 39)?
-56
Calculate -4 - (-49 - -33 - -20) - (21 - 1).
-28
Evaluate (-24 + 2 - (-203 + 185)) + (-110 - -1).
-113
-1 + (-2 - (34 - 23)) + -62 + -13
-89
Evaluate -60 + 5 + (46 - 18) + -43.
-70
Evaluate 22 + (21 + -10 - 35) + -23.
-25
What is the value of (-1862 - -1925) + (0 + 2 - 19)?
46
98 + 44 + -53 + -49
40
What is 4 - (-13 + 5) - ((-149 - -183) + -1 + 17)?
-38
What is (-6 + 2 + 15 - ((-8 - 40) + -4)) + 1?
64
What is the value of -32 + 29 + -18 + 7?
-14
Evaluate -38 + -25 + -29 + 25 + -38.
-105
What is -41 - -2 - (-3 + 8) - -12?
-32
(0 - 1) + 48 + (502 + -535 - (-2 + -36))
52
Evaluate 0 + -6 + (4 + -7 - -2) + 28 + -18.
3
What is (3 + -1 - -95) + 65 + (-39 - 16) - -14?
121
What is -82 + 147 + -78 - (-35 + 2)?
20
What is the value of (1 - 1 - 37) + (-17 - (-24 - 105) - 106)?
-31
-15 + 11 + 18 + 38 + -13 + -19
20
What is the value of (-1 - 2) + 